{"id":5058,"date":"2020-11-08T11:19:19","date_gmt":"2020-11-08T10:19:19","guid":{"rendered":"https:\/\/www.tv-kirchzell.de\/?post_type=product&#038;p=5058"},"modified":"2021-01-21T20:12:27","modified_gmt":"2021-01-21T19:12:27","slug":"tvk-mund-nasen-schutz","status":"publish","type":"product","link":"https:\/\/tv-kirchzell.de\/?product=tvk-mund-nasen-schutz","title":{"rendered":"TVK Mund-Nasen-Schutz"},"content":{"rendered":"<p>Diese hochwertig verarbeitete Maske dient nur als Mund- und Hygienemaske und unterliegt keinerlei Normen. Jedoch wurden Materialien verwendet, die 100% \u00d6kotex100-zertifiziert sind, atmungsaktiv und geruchsneutral.<\/p>\n<p>Gr\u00f6\u00dfenangaben:<br \/>\nDie Gr\u00f6\u00dfenangabe der Maske ist nicht genormt, die nachfolgenden Angaben basieren auf unserer Erfahrung.<br \/>\nGr\u00f6\u00dfe S: F\u00fcr Kinder im Grundschulalter und Damen mit einem schmalen Gesicht.<br \/>\nGr\u00f6\u00dfe M: F\u00fcr Jugendliche und Erwachsene mit einem schmalen Gesicht<br \/>\nGr\u00f6\u00dfe L: F\u00fcr Erwachsene mit einem kr\u00e4ftigen Gesicht.<\/p>\n<p>&nbsp;<\/p>\n<p>Waschmaschinengeeignet bis 60\u00b0C.<\/p>\n","protected":false},"excerpt":{"rendered":"<p><strong>Mund-Nasen-Schutz in unserem Vereinsdesign <\/strong>aus 100% Polyester \/ Microfaser<\/p>\n","protected":false},"featured_media":5067,"template":"","meta":[],"product_brand":[],"product_cat":[66],"product_tag":[],"class_list":{"0":"post-5058","1":"product","2":"type-product","3":"status-publish","4":"has-post-thumbnail","6":"product_cat-fanartikel","7":"product_shipping_class-deutsche-post-brief-2","9":"first","10":"instock","11":"taxable","12":"shipping-taxable","13":"purchasable","14":"product-type-variable"},"_links":{"self":[{"href":"https:\/\/tv-kirchzell.de\/index.php?rest_route=\/wp\/v2\/product\/5058","targetHints":{"allow":["GET"]}}],"collection":[{"href":"https:\/\/tv-kirchzell.de\/index.php?rest_route=\/wp\/v2\/product"}],"about":[{"href":"https:\/\/tv-kirchzell.de\/index.php?rest_route=\/wp\/v2\/types\/product"}],"wp:featuredmedia":[{"embeddable":true,"href":"https:\/\/tv-kirchzell.de\/index.php?rest_route=\/wp\/v2\/media\/5067"}],"wp:attachment":[{"href":"https:\/\/tv-kirchzell.de\/index.php?rest_route=%2Fwp%2Fv2%2Fmedia&parent=5058"}],"wp:term":[{"taxonomy":"product_brand","embeddable":true,"href":"https:\/\/tv-kirchzell.de\/index.php?rest_route=%2Fwp%2Fv2%2Fproduct_brand&post=5058"},{"taxonomy":"product_cat","embeddable":true,"href":"https:\/\/tv-kirchzell.de\/index.php?rest_route=%2Fwp%2Fv2%2Fproduct_cat&post=5058"},{"taxonomy":"product_tag","embeddable":true,"href":"https:\/\/tv-kirchzell.de\/index.php?rest_route=%2Fwp%2Fv2%2Fproduct_tag&post=5058"}],"curies":[{"name":"wp","href":"https:\/\/api.w.org\/{rel}","templated":true}]}}

<p>Diese hochwertig verarbeitete Maske dient nur als Mund- und Hygienemaske und unterliegt keinerlei Normen. Jedoch wurden Materialien verwendet, die 100% Ökotex100-zertifiziert sind, atmungsaktiv und geruchsneutral.</p>
<p>Größenangaben:<br />
Die Größenangabe der Maske ist nicht genormt, die nachfolgenden Angaben basieren auf unserer Erfahrung.<br />
Größe S: Für Kinder im Grundschulalter und Damen mit einem schmalen Gesicht.<br />
Größe M: Für Jugendliche und Erwachsene mit einem schmalen Gesicht<br />
Größe L: Für Erwachsene mit einem kräftigen Gesicht.</p>
<p>&nbsp;</p>
<p>Waschmaschinengeeignet bis 60°C.</p>
