{"id":981,"date":"2017-11-01T16:56:39","date_gmt":"2017-11-01T16:56:39","guid":{"rendered":"http:\/\/tv-kirchzell.com\/?page_id=981"},"modified":"2025-07-21T07:08:20","modified_gmt":"2025-07-21T05:08:20","slug":"verein-sportliche-erfolge","status":"publish","type":"page","link":"https:\/\/tv-kirchzell.de\/?page_id=981","title":{"rendered":"Verein &#8211; Sportliche Erfolge"},"content":{"rendered":"\n<h3 class=\"wp-block-heading\">Handball &#8211; Erfolge der 1. Mannschaft<\/h3>\n\n\n\n<p>Der TV Kirchzell spielte bislang insgesamt vier Jahre in der 2.Handball-Bundesliga. Die Gesamtbilanz aus 136 Spielen bel\u00e4uft sich auf 41 Siege, 11 Unentschieden und 84 Niederlagen bei 3562:3772 Toren. Die beste Platzierung des Vereins in der 2.Bundesliga war Platz 13, der in den ersten beiden Zweitligajahren jeweils erreicht werden konnte. Au\u00dferdem wurde der Verein zweimal S\u00fcdwestdeutscher Meister (= Meister der Regionalliga des S\u00fcdwestdeutschen Handballverbandes) und belegte viermal den zweiten Platz in der Regionalliga.<\/p>\n\n\n\n<p><strong>Die Bilanz der letzten Spielzeiten:<\/strong><\/p>\n\n\n\n<ul class=\"wp-block-list\">\n<li>Saison 2024\/2025 6. Platz 3. Liga Staffel S\u00fcd-West<\/li>\n\n\n\n<li>Saison 2023\/2024 <strong>1. Platz M\u00e4nner Oberliga (Aufstieg in die 3. Liga)<\/strong><\/li>\n\n\n\n<li>Saison 2022\/2023 11. Platz 3. Liga Staffel S\u00fcd-West (Abstieg in die Oberliga)<\/li>\n\n\n\n<li>Saison 2021\/2022 8. Platz 3. Liga Staffel E<\/li>\n\n\n\n<li>Saison 2020\/2021 Keine Platzierung (Absage der Runde durch &#8218;Corona&#8216;)<\/li>\n\n\n\n<li>Saison 2019\/2020 13. Platz 3. Liga Mitte<\/li>\n\n\n\n<li>Saison 2018\/2019 <strong>1. Platz Oberliga S\u00fcd-West (Aufstieg in die 3. Liga)<\/strong><\/li>\n\n\n\n<li>Saison 2017\/2018 4. Platz Oberliga S\u00fcd-West<\/li>\n\n\n\n<li>Saison 2016\/2017 16. Platz 3. Liga Ost (Abstieg in die Oberliga S\u00fcd-West)<\/li>\n\n\n\n<li>Saison 2014\/2015 5. Platz 3. Liga Ost<\/li>\n\n\n\n<li>Saison 2013\/2014 3. Platz 3. Liga Ost<\/li>\n\n\n\n<li>Saison 2012\/2013 8. Platz 3. Liga S\u00fcd<\/li>\n\n\n\n<li>Saison 2011\/2012 5. Platz 3. Liga S\u00fcd<\/li>\n\n\n\n<li>Saison 2010\/2011 6. Platz 3. Liga S\u00fcd<\/li>\n\n\n\n<li>Saison 2009\/2010 7. Platz Regionalliga S\u00fcdwest (Qualifikation 3. Liga)<\/li>\n\n\n\n<li>Saison 2008\/2009 5. Platz Regionalliga S\u00fcdwest<\/li>\n\n\n\n<li>Saison 2007\/2008 3. Platz Regionalliga S\u00fcdwest<\/li>\n\n\n\n<li>Saison 2006\/2007 17. Platz 2.Bundesliga S\u00fcd (Abstieg in die Regionalliga S\u00fcdwest)<\/li>\n\n\n\n<li>Saison 2005\/2006&nbsp;<strong>1. Platz Regionalliga S\u00fcdwest (Aufstieg in die 2.Bundesliga)<\/strong>(Punktgleich mit SG Wallau\/Massenheim)*<\/li>\n\n\n\n<li>Saison 2004\/2005 2. Platz Regionalliga S\u00fcd (Punktgleich mit SG Bietigheim-Metterzimmern)*<\/li>\n\n\n\n<li>Saison 2003\/2004 2. Platz Regionalliga S\u00fcdwest<\/li>\n\n\n\n<li>Saison 2002\/2003 17. Platz 2.Bundesliga S\u00fcd (Abstieg in die Regionalliga S\u00fcdwest)<\/li>\n\n\n\n<li>Saison 2001\/2002 13. Platz 2.Bundesliga S\u00fcd<\/li>\n\n\n\n<li>Saison 2000\/2001 13. Platz 2.Bundesliga S\u00fcd<\/li>\n\n\n\n<li>Saison 1999\/2000&nbsp;<strong>1. Platz Regionalliga S\u00fcdwest (Aufstieg in die 2.Bundesliga)<\/strong><\/li>\n\n\n\n<li>Saison 1998\/1999 2. Platz Regionalliga S\u00fcdwest<\/li>\n\n\n\n<li>Saison 1997\/1998 3. Platz Regionalliga S\u00fcdwest Staffel Nord<\/li>\n\n\n\n<li>Saison 1996\/1997 2. Platz Regionalliga S\u00fcdwest Staffel Nord<\/li>\n<\/ul>\n\n\n\n<p><em>(*) Bei Punktgleichheit entschied jeweils der direkte Vergleich aus den Spielen gegeneinander \u00fcber Auf- und Abstieg<\/em><\/p>\n\n\n\n<h3 class=\"wp-block-heading\">Erfolge der Jugendmannschaften<\/h3>\n\n\n\n<ul class=\"wp-block-list\">\n<li>2009 Deutscher Vizemeister &#8211; m\u00e4nnliche A-Jugend<\/li>\n\n\n\n<li>2004 Deutscher Vizemeister &#8211; m\u00e4nnliche A-Jugend<\/li>\n\n\n\n<li>1999 Deutscher Meister &#8211; m\u00e4nnliche B-Jugend<\/li>\n\n\n\n<li>1995 Deutscher Vizemeister &#8211; m\u00e4nnliche A-Jugend<\/li>\n<\/ul>\n\n\n\n<h3 class=\"wp-block-heading\">Bekannte ehemalige Spieler<\/h3>\n\n\n\n<ul class=\"wp-block-list\">\n<li>Heiko Grimm<\/li>\n\n\n\n<li>Bernd Roos<\/li>\n\n\n\n<li>Carsten Lichtlein<\/li>\n\n\n\n<li>Andreas Kunz<\/li>\n\n\n\n<li>Bernd Hofmann<\/li>\n\n\n\n<li>Philipp Grimm<\/li>\n\n\n\n<li>Marcus Hock<\/li>\n\n\n\n<li>Andreas Wolff<\/li>\n\n\n\n<li>Petar \u0110or\u0111i\u0107<\/li>\n<\/ul>\n","protected":false},"excerpt":{"rendered":"<p>Handball &#8211; Erfolge der 1. Mannschaft Der TV Kirchzell spielte bislang insgesamt vier Jahre in der 2.Handball-Bundesliga. Die Gesamtbilanz aus 136 Spielen bel\u00e4uft sich auf 41 Siege, 11 Unentschieden und 84 Niederlagen bei 3562:3772 Toren. Die beste Platzierung des Vereins in der 2.Bundesliga war Platz 13, der in den ersten<\/p>\n","protected":false},"author":1,"featured_media":0,"parent":117,"menu_order":11,"comment_status":"closed","ping_status":"closed","template":"","meta":{"footnotes":""},"class_list":["post-981","page","type-page","status-publish","hentry"],"_links":{"self":[{"href":"https:\/\/tv-kirchzell.de\/index.php?rest_route=\/wp\/v2\/pages\/981","targetHints":{"allow":["GET"]}}],"collection":[{"href":"https:\/\/tv-kirchzell.de\/index.php?rest_route=\/wp\/v2\/pages"}],"about":[{"href":"https:\/\/tv-kirchzell.de\/index.php?rest_route=\/wp\/v2\/types\/page"}],"author":[{"embeddable":true,"href":"https:\/\/tv-kirchzell.de\/index.php?rest_route=\/wp\/v2\/users\/1"}],"replies":[{"embeddable":true,"href":"https:\/\/tv-kirchzell.de\/index.php?rest_route=%2Fwp%2Fv2%2Fcomments&post=981"}],"version-history":[{"count":4,"href":"https:\/\/tv-kirchzell.de\/index.php?rest_route=\/wp\/v2\/pages\/981\/revisions"}],"predecessor-version":[{"id":12506,"href":"https:\/\/tv-kirchzell.de\/index.php?rest_route=\/wp\/v2\/pages\/981\/revisions\/12506"}],"up":[{"embeddable":true,"href":"https:\/\/tv-kirchzell.de\/index.php?rest_route=\/wp\/v2\/pages\/117"}],"wp:attachment":[{"href":"https:\/\/tv-kirchzell.de\/index.php?rest_route=%2Fwp%2Fv2%2Fmedia&parent=981"}],"curies":[{"name":"wp","href":"https:\/\/api.w.org\/{rel}","templated":true}]}}